{"id":314,"date":"2018-06-11T10:37:11","date_gmt":"2018-06-11T08:37:11","guid":{"rendered":"http:\/\/biscoteaux-trail.fr\/?page_id=314"},"modified":"2025-06-09T21:58:37","modified_gmt":"2025-06-09T19:58:37","slug":"photos-resultats","status":"publish","type":"page","link":"https:\/\/biscoteaux-trail.fr\/?page_id=314","title":{"rendered":"R\u00e9sultats"},"content":{"rendered":"<p><img decoding=\"async\" src=\"https:\/\/biscoteaux-trail.fr\/wp-content\/uploads\/2018\/06\/Logo_Trail-300x150.png\" alt=\"\" width=\"300\" height=\"150\" \/><\/p>\n<p><strong><u>2025 (5\u00e8me Edition)<\/u><\/strong><\/p>\n<ul>\n<li>R\u00e9sultats 20 km<\/li>\n<\/ul>\n<p><a href=\"https:\/\/biscoteaux-trail.fr\/wp-content\/uploads\/2025\/06\/Trail-20km-Biscoteaux-Trail-2025_V2.pdf\" target=\"_blank\" rel=\"noopener\"><strong>20 km_BisCoteaux_Trail_2025<\/strong><\/a><\/p>\n<ul>\n<li>R\u00e9sultats 9 km<\/li>\n<\/ul>\n<p><strong><a href=\"https:\/\/biscoteaux-trail.fr\/wp-content\/uploads\/2025\/06\/Trail-9km-Biscoteaux-Trail-2025.pdf\">9_Km_BisCoteaux_Trail_2025<\/a><\/strong><\/p>\n<p><strong><u>2024 (4\u00e8me Edition)<\/u><\/strong><\/p>\n<ul>\n<li style=\"text-align: left;\">R\u00e9sultats 20 km<\/li>\n<\/ul>\n<p><a href=\"https:\/\/biscoteaux-trail.fr\/wp-content\/uploads\/2024\/06\/TRAIL-20-KM-BisCoteaux-Trail-2024.pdf\" target=\"_blank\" rel=\"noopener\"><strong>20 km_BisCoteaux_Trail_2024<\/strong><\/a><\/p>\n<ul>\n<li style=\"text-align: left;\">R\u00e9sultats 9 km<\/li>\n<\/ul>\n<p><a href=\"https:\/\/biscoteaux-trail.fr\/wp-content\/uploads\/2024\/06\/TRAIL-9-KM-BisCoteaux-Trail-2024.pdf\"><strong>9_km_BisCoteaux_Trail_2024<\/strong><\/a><\/p>\n<p><strong><u>2022 (3\u00e8me Edition)<\/u><\/strong><\/p>\n<ul>\n<li style=\"text-align: left;\">R\u00e9sultats 20 km<\/li>\n<\/ul>\n<p><a href=\"https:\/\/biscoteaux-trail.fr\/wp-content\/uploads\/2022\/06\/TRAIL-20-KM-BisCoteaux-Trail-2022-1.pdf\"><strong>20 km_BisCoteaux_Trail_2022<\/strong><\/a><\/p>\n<ul>\n<li style=\"text-align: left;\">R\u00e9sultats 9 km<\/li>\n<\/ul>\n<p><a href=\"https:\/\/biscoteaux-trail.fr\/wp-content\/uploads\/2022\/06\/TRAIL-9-KM-BisCoteaux-Trail-2022.pdf\"><strong>9_km_BisCoteaux_Trail_2022<\/strong><\/a><\/p>\n<p><u style=\"font-weight: 600;\">2019 (2\u00e8me Edition)<\/u><\/p>\n<ul>\n<li style=\"text-align: left;\">R\u00e9sultats 18.7 km<\/li>\n<\/ul>\n<p><b> <a href=\"https:\/\/biscoteaux-trail.fr\/wp-content\/uploads\/2019\/06\/187-km-BisCoteaux-Trail-2019.pdf\">18.7 km BisCoteaux Trail 2019<\/a><\/b><\/p>\n<ul>\n<li>R\u00e9sultats 9 km<\/li>\n<\/ul>\n<p><b> <a href=\"https:\/\/biscoteaux-trail.fr\/wp-content\/uploads\/2019\/06\/9-km-BisCoteaux-Trail-2019.pdf\">9 km-BisCoteaux-Trail-2019<\/a><\/b><b>\u00a0<\/b><b>\u00a0<\/b><\/p>\n<p><strong><u>2018 (1\u00e8re Edition)<\/u><\/strong><\/p>\n<ul>\n<li style=\"text-align: left;\"><strong>R\u00e9sultats 18.7 km<\/strong><\/li>\n<\/ul>\n<p style=\"text-align: left;\"><a href=\"https:\/\/biscoteaux-trail.fr\/wp-content\/uploads\/2018\/06\/BisCoteaux-Trail-2018-18km.pdf\">BisCoteaux-Trail-2018-18km<\/a><\/p>\n<ul style=\"text-align: left;\">\n<li><strong>R\u00e9sultats 9 km<\/strong><\/li>\n<\/ul>\n<p style=\"text-align: left;\"><a href=\"https:\/\/biscoteaux-trail.fr\/wp-content\/uploads\/2018\/06\/BisCoteaux-Trail-2018-8km.pdf\">BisCoteaux-Trail-2018-8km<\/a><\/p>\n","protected":false},"excerpt":{"rendered":"<p>2025 (5\u00e8me Edition) R\u00e9sultats 20 km 20 km_BisCoteaux_Trail_2025 R\u00e9sultats 9 km 9_Km_BisCoteaux_Trail_2025 2024 (4\u00e8me Edition) R\u00e9sultats 20 km 20 km_BisCoteaux_Trail_2024 R\u00e9sultats 9 km 9_km_BisCoteaux_Trail_2024 2022 (3\u00e8me Edition) R\u00e9sultats 20 km 20 km_BisCoteaux_Trail_2022 R\u00e9sultats 9 km 9_km_BisCoteaux_Trail_2022 2019 (2\u00e8me Edition) R\u00e9sultats 18.7 km 18.7 km BisCoteaux Trail 2019 R\u00e9sultats 9 km 9 km-BisCoteaux-Trail-2019\u00a0\u00a0 2018 (1\u00e8re Edition) [&hellip;]<\/p>\n","protected":false},"author":1,"featured_media":0,"parent":0,"menu_order":0,"comment_status":"closed","ping_status":"closed","template":"","meta":{"footnotes":""},"class_list":["post-314","page","type-page","status-publish","hentry"],"_links":{"self":[{"href":"https:\/\/biscoteaux-trail.fr\/index.php?rest_route=\/wp\/v2\/pages\/314","targetHints":{"allow":["GET"]}}],"collection":[{"href":"https:\/\/biscoteaux-trail.fr\/index.php?rest_route=\/wp\/v2\/pages"}],"about":[{"href":"https:\/\/biscoteaux-trail.fr\/index.php?rest_route=\/wp\/v2\/types\/page"}],"author":[{"embeddable":true,"href":"https:\/\/biscoteaux-trail.fr\/index.php?rest_route=\/wp\/v2\/users\/1"}],"replies":[{"embeddable":true,"href":"https:\/\/biscoteaux-trail.fr\/index.php?rest_route=%2Fwp%2Fv2%2Fcomments&post=314"}],"version-history":[{"count":30,"href":"https:\/\/biscoteaux-trail.fr\/index.php?rest_route=\/wp\/v2\/pages\/314\/revisions"}],"predecessor-version":[{"id":121007,"href":"https:\/\/biscoteaux-trail.fr\/index.php?rest_route=\/wp\/v2\/pages\/314\/revisions\/121007"}],"wp:attachment":[{"href":"https:\/\/biscoteaux-trail.fr\/index.php?rest_route=%2Fwp%2Fv2%2Fmedia&parent=314"}],"curies":[{"name":"wp","href":"https:\/\/api.w.org\/{rel}","templated":true}]}}